{"id":1688,"date":"2025-01-22T09:50:04","date_gmt":"2025-01-22T08:50:04","guid":{"rendered":"https:\/\/www.clicweb.ovh\/2025\/gr1\/?page_id=1688"},"modified":"2025-01-22T11:51:33","modified_gmt":"2025-01-22T10:51:33","slug":"1688-2","status":"publish","type":"page","link":"https:\/\/www.clicweb.ovh\/2025\/gr1\/1688-2\/","title":{"rendered":"La f\u00eate du citron"},"content":{"rendered":"<p>[et_pb_section fb_built=\u00a0\u00bb1&Prime; fullwidth=\u00a0\u00bbon\u00a0\u00bb _builder_version=\u00a0\u00bb4.27.4&Prime; _module_preset=\u00a0\u00bbdefault\u00a0\u00bb locked=\u00a0\u00bboff\u00a0\u00bb global_colors_info=\u00a0\u00bb{}\u00a0\u00bb][et_pb_fullwidth_slider _builder_version=\u00a0\u00bb4.27.4&Prime; _module_preset=\u00a0\u00bbdefault\u00a0\u00bb header_font=\u00a0\u00bbAdamina||||||||\u00a0\u00bb header_text_color=\u00a0\u00bb#000000&Prime; hover_enabled=\u00a0\u00bb0&Prime; header_text_shadow_style=\u00a0\u00bbpreset1&Prime; header_text_shadow_color=\u00a0\u00bb#000000&Prime; global_colors_info=\u00a0\u00bb{}\u00a0\u00bb sticky_enabled=\u00a0\u00bb0&Prime;][et_pb_slide heading=\u00a0\u00bbLa f\u00eate du citron\u00a0\u00bb use_bg_overlay=\u00a0\u00bbon\u00a0\u00bb _builder_version=\u00a0\u00bb4.27.4&Prime; _module_preset=\u00a0\u00bbdefault\u00a0\u00bb header_font=\u00a0\u00bbAdamina|700||on|||||\u00a0\u00bb header_text_align=\u00a0\u00bbcenter\u00a0\u00bb header_text_color=\u00a0\u00bb#FFFFFF\u00a0\u00bb header_font_size=\u00a0\u00bb47px\u00a0\u00bb body_font=\u00a0\u00bbAdamina||||||||\u00a0\u00bb body_text_align=\u00a0\u00bbcenter\u00a0\u00bb body_text_color=\u00a0\u00bb#FFFFFF\u00a0\u00bb background_image=\u00a0\u00bbhttp:\/\/www.clicweb.ovh\/2025\/gr1\/wp-content\/uploads\/2025\/01\/Fete-du-citron.jpeg\u00a0\u00bb background_enable_image=\u00a0\u00bbon\u00a0\u00bb text_orientation=\u00a0\u00bbcenter\u00a0\u00bb hover_enabled=\u00a0\u00bb0&Prime; header_text_shadow_style=\u00a0\u00bbpreset2&Prime; header_text_shadow_blur_strength=\u00a0\u00bb0.05em\u00a0\u00bb header_text_shadow_color=\u00a0\u00bb#000000&Prime; text_shadow_style=\u00a0\u00bbpreset1&Prime; text_shadow_color=\u00a0\u00bb#000000&Prime; global_colors_info=\u00a0\u00bb{}\u00a0\u00bb sticky_transition=\u00a0\u00bbon\u00a0\u00bb heading_last_edited=\u00a0\u00bbon|phone\u00a0\u00bb sticky_enabled=\u00a0\u00bb0&Prime; heading_tablet=\u00a0\u00bbLa f\u00eate du citron\u00a0\u00bb heading_phone=\u00a0\u00bbLa f\u00eate du citron\u00a0\u00bb][\/et_pb_slide][\/et_pb_fullwidth_slider][\/et_pb_section][et_pb_section fb_built=\u00a0\u00bb1&Prime; _builder_version=\u00a0\u00bb4.27.4&Prime; _module_preset=\u00a0\u00bbdefault\u00a0\u00bb global_colors_info=\u00a0\u00bb{}\u00a0\u00bb][et_pb_row _builder_version=\u00a0\u00bb4.27.4&Prime; _module_preset=\u00a0\u00bbdefault\u00a0\u00bb global_colors_info=\u00a0\u00bb{}\u00a0\u00bb][et_pb_column type=\u00a0\u00bb4_4&Prime; _builder_version=\u00a0\u00bb4.27.4&Prime; _module_preset=\u00a0\u00bbdefault\u00a0\u00bb global_colors_info=\u00a0\u00bb{}\u00a0\u00bb][et_pb_text _builder_version=\u00a0\u00bb4.27.4&Prime; _module_preset=\u00a0\u00bbdefault\u00a0\u00bb text_font=\u00a0\u00bbAdamina||||||||\u00a0\u00bb global_colors_info=\u00a0\u00bb{}\u00a0\u00bb]<\/p>\n<h3 style=\"text-align: justify;\">Chaque ann\u00e9e, la ville de Menton se transforme en un v\u00e9ritable jardin d&rsquo;agrumes vivant pour c\u00e9l\u00e9brer la F\u00eate du Citron. Cet \u00e9v\u00e9nement unique au monde attire des milliers de visiteurs venus d\u00e9couvrir des sculptures gigantesques faites de citrons et d\u2019oranges, une ambiance festive et un hommage au patrimoine culturel et agricole de la r\u00e9gion.<\/h3>\n<p>[\/et_pb_text][\/et_pb_column][\/et_pb_row][et_pb_row _builder_version=\u00a0\u00bb4.27.4&Prime; _module_preset=\u00a0\u00bbdefault\u00a0\u00bb global_colors_info=\u00a0\u00bb{}\u00a0\u00bb][et_pb_column type=\u00a0\u00bb4_4&Prime; _builder_version=\u00a0\u00bb4.27.4&Prime; _module_preset=\u00a0\u00bbdefault\u00a0\u00bb global_colors_info=\u00a0\u00bb{}\u00a0\u00bb][et_pb_text _builder_version=\u00a0\u00bb4.27.4&Prime; _module_preset=\u00a0\u00bbdefault\u00a0\u00bb text_font=\u00a0\u00bbAdamina||||||||\u00a0\u00bb text_text_color=\u00a0\u00bb#000000&Prime; header_font=\u00a0\u00bbAdamina||||||||\u00a0\u00bb header_text_color=\u00a0\u00bb#E82A20&Prime; header_3_font=\u00a0\u00bbAdamina||||||||\u00a0\u00bb header_3_text_color=\u00a0\u00bb#E82A20&Prime; header_3_text_shadow_style=\u00a0\u00bbpreset1&Prime; global_colors_info=\u00a0\u00bb{}\u00a0\u00bb]<\/p>\n<h3>Une tradition embl\u00e9matique de Menton<\/h3>\n<p>&nbsp;<\/p>\n<p style=\"text-align: justify;\">La F\u00eate du Citron a vu le jour en 1934, lorsque Menton, d\u00e9j\u00e0 c\u00e9l\u00e8bre pour ses agrumes, a d\u00e9cid\u00e9 de mettre en avant cette richesse locale. Situ\u00e9e entre la mer M\u00e9diterran\u00e9e et les montagnes, la ville b\u00e9n\u00e9ficie d\u2019un microclimat id\u00e9al pour la culture des citrons. Cette f\u00eate est ainsi devenue un symbole de l&rsquo;identit\u00e9 mentonnaise et un rendez-vous incontournable de la C\u00f4te d\u2019Azur.<\/p>\n<p>&nbsp;<\/p>\n<h3>Un programme riche et spectaculaire<\/h3>\n<p>&nbsp;<\/p>\n<p style=\"text-align: justify;\">La F\u00eate du Citron se d\u00e9roule sur plusieurs jours en f\u00e9vrier et propose un programme vari\u00e9 qui \u00e9merveille petits et grands :<\/p>\n<ul>\n<li style=\"list-style-type: none;\">\n<ul>\n<li style=\"text-align: justify;\"><strong>Les jardins de lumi\u00e8re<\/strong><br \/>Des sculptures monumentales r\u00e9alis\u00e9es avec des citrons, des oranges et parfois d&rsquo;autres agrumes sont expos\u00e9es dans les jardins Biov\u00e8s. Chaque ann\u00e9e, un th\u00e8me diff\u00e9rent est choisi, allant des contes de f\u00e9es aux civilisations anciennes, offrant un spectacle renouvel\u00e9 \u00e0 chaque \u00e9dition.<\/li>\n<li style=\"text-align: justify;\"><strong>Les corsos des fruits d\u2019or<\/strong><br \/>Les d\u00e9fil\u00e9s de chars orn\u00e9s de citrons et d\u2019oranges, accompagn\u00e9s de fanfares, danseurs et artistes, traversent les rues de Menton dans une ambiance festive et color\u00e9e. Ces corsos sont l\u2019occasion pour les spectateurs de voir les agrumes prendre vie sous des formes cr\u00e9atives et \u00e9tonnantes.<\/li>\n<li style=\"text-align: justify;\"><strong>Les animations et spectacles<\/strong><br \/>Tout au long de l\u2019\u00e9v\u00e9nement, la ville propose des concerts, des spectacles de rue et des d\u00e9gustations de sp\u00e9cialit\u00e9s locales \u00e0 base de citron, comme les confitures, les liqueurs et les tartes au citron.<\/li>\n<li style=\"text-align: justify;\"><strong>Le march\u00e9 des agrumes<\/strong><br \/>Un incontournable pour les amateurs de produits frais et artisanaux, le march\u00e9 des agrumes offre une large s\u00e9lection de citrons de Menton, mais aussi de produits d\u00e9riv\u00e9s, tels que des huiles essentielles, des savons et des bonbons.<\/li>\n<\/ul>\n<\/li>\n<\/ul>\n<ol><\/ol>\n<h3>Un \u00e9v\u00e9nement \u00e9coresponsable<\/h3>\n<p>&nbsp;<\/p>\n<p style=\"text-align: justify;\">La F\u00eate du Citron s\u2019inscrit \u00e9galement dans une d\u00e9marche durable. Apr\u00e8s l\u2019\u00e9v\u00e9nement, les agrumes utilis\u00e9s pour les sculptures et les chars sont en grande partie recycl\u00e9s ou redistribu\u00e9s, limitant ainsi le gaspillage.<\/p>\n<p>&nbsp;<\/p>\n<h3>Pourquoi visiter la F\u00eate du Citron ?<\/h3>\n<p style=\"text-align: justify;\">\u00a0<\/p>\n<p style=\"text-align: justify;\">Cette f\u00eate offre une exp\u00e9rience unique m\u00ealant patrimoine, art et gastronomie. C\u2019est aussi une formidable opportunit\u00e9 de d\u00e9couvrir la ville de Menton, surnomm\u00e9e \u00ab\u00a0la perle de la France\u00a0\u00bb, avec ses ruelles pittoresques, ses jardins luxuriants et son doux climat hivernal.<\/p>\n<p>[\/et_pb_text][\/et_pb_column][\/et_pb_row][et_pb_row _builder_version=\u00a0\u00bb4.27.4&Prime; _module_preset=\u00a0\u00bbdefault\u00a0\u00bb global_colors_info=\u00a0\u00bb{}\u00a0\u00bb][et_pb_column type=\u00a0\u00bb4_4&Prime; _builder_version=\u00a0\u00bb4.27.4&Prime; _module_preset=\u00a0\u00bbdefault\u00a0\u00bb global_colors_info=\u00a0\u00bb{}\u00a0\u00bb][et_pb_text _builder_version=\u00a0\u00bb4.27.4&Prime; _module_preset=\u00a0\u00bbdefault\u00a0\u00bb text_font=\u00a0\u00bbAdamina||||||||\u00a0\u00bb text_text_color=\u00a0\u00bb#000000&Prime; global_colors_info=\u00a0\u00bb{}\u00a0\u00bb]<\/p>\n<p style=\"text-align: justify;\">La F\u00eate du Citron de Menton est bien plus qu\u2019un \u00e9v\u00e9nement local, c\u2019est une c\u00e9l\u00e9bration de la richesse culturelle, agricole et artistique de la r\u00e9gion. Que vous soyez amateur d\u2019art, de gastronomie ou simplement curieux, cette f\u00eate saura vous s\u00e9duire par son originalit\u00e9 et son ambiance chaleureuse. Pr\u00e9parez vos valises et laissez-vous emporter par cette explosion de couleurs et de saveurs sur la C\u00f4te d\u2019Azur !<\/p>\n<p>[\/et_pb_text][\/et_pb_column][\/et_pb_row][\/et_pb_section]<\/p>\n","protected":false},"excerpt":{"rendered":"<p>Chaque ann\u00e9e, la ville de Menton se transforme en un v\u00e9ritable jardin d&rsquo;agrumes vivant pour c\u00e9l\u00e9brer la F\u00eate du Citron. Cet \u00e9v\u00e9nement unique au monde attire des milliers de visiteurs venus d\u00e9couvrir des sculptures gigantesques faites de citrons et d\u2019oranges, une ambiance festive et un hommage au patrimoine culturel et agricole de la r\u00e9gion.Une tradition [&hellip;]<\/p>\n","protected":false},"author":5,"featured_media":1769,"parent":0,"menu_order":0,"comment_status":"closed","ping_status":"closed","template":"","meta":{"_et_pb_use_builder":"on","_et_pb_old_content":"","_et_gb_content_width":"","footnotes":""},"class_list":["post-1688","page","type-page","status-publish","has-post-thumbnail","hentry"],"_links":{"self":[{"href":"https:\/\/www.clicweb.ovh\/2025\/gr1\/wp-json\/wp\/v2\/pages\/1688","targetHints":{"allow":["GET"]}}],"collection":[{"href":"https:\/\/www.clicweb.ovh\/2025\/gr1\/wp-json\/wp\/v2\/pages"}],"about":[{"href":"https:\/\/www.clicweb.ovh\/2025\/gr1\/wp-json\/wp\/v2\/types\/page"}],"author":[{"embeddable":true,"href":"https:\/\/www.clicweb.ovh\/2025\/gr1\/wp-json\/wp\/v2\/users\/5"}],"replies":[{"embeddable":true,"href":"https:\/\/www.clicweb.ovh\/2025\/gr1\/wp-json\/wp\/v2\/comments?post=1688"}],"version-history":[{"count":9,"href":"https:\/\/www.clicweb.ovh\/2025\/gr1\/wp-json\/wp\/v2\/pages\/1688\/revisions"}],"predecessor-version":[{"id":2079,"href":"https:\/\/www.clicweb.ovh\/2025\/gr1\/wp-json\/wp\/v2\/pages\/1688\/revisions\/2079"}],"wp:featuredmedia":[{"embeddable":true,"href":"https:\/\/www.clicweb.ovh\/2025\/gr1\/wp-json\/wp\/v2\/media\/1769"}],"wp:attachment":[{"href":"https:\/\/www.clicweb.ovh\/2025\/gr1\/wp-json\/wp\/v2\/media?parent=1688"}],"curies":[{"name":"wp","href":"https:\/\/api.w.org\/{rel}","templated":true}]}}